{"id":20,"date":"2017-04-03T19:59:27","date_gmt":"2017-04-03T17:59:27","guid":{"rendered":"http:\/\/efifarmaki.com\/?page_id=20"},"modified":"2017-05-08T10:28:06","modified_gmt":"2017-05-08T08:28:06","slug":"la-compagnie","status":"publish","type":"page","link":"https:\/\/efifarmaki.com\/index.php\/fr\/la-compagnie\/","title":{"rendered":"La Compagnie"},"content":{"rendered":"<p>Fondatrice de la compagnie EFDC, Efi Farmaki, chor\u00e9graphe grecque \u00e9tablie en France, a r\u00e9uni un groupe d\u2019artistes interpr\u00e8tes et de cr\u00e9ateurs de disciplines artistiques diverses.<\/p>\n<p>La Compagnie d\u00e9veloppe un travail qui s\u2019inscrit dans le champ de la <strong>danse-th\u00e9\u00e2tre<\/strong>,\u00a0o\u00f9 les moyens d\u2019expression principaux sont le<strong> corps humain<\/strong> dans sa gestuelle comme dans les sons qu\u2019il peut produire, <strong>souffle, voix <\/strong>ou<strong> percussions corporelles<\/strong>.<\/p>\n<p>La dimension visuelle y tient une part importante, pour cr\u00e9er des <strong>univers po\u00e9tiques, oniriques, \u00e9tranges<\/strong>, o\u00f9 l\u2019improbable se substitue \u00e0 notre r\u00e9alit\u00e9 quotidienne, pour un voyage o\u00f9 tout est possible, comme dans un r\u00eave.<\/p>\n<p>Le vocabulaire gestuel de la compagnie int\u00e8gre et m\u00e9lange des \u00e9l\u00e9ments provenant de\u00a0<strong>sources culturelles diverses,<\/strong> qui viennent s\u2019ajouter \u00e0 la grammaire et la pens\u00e9e de la danse contemporaine.<br \/>\nPlut\u00f4t que des s\u00e9quences gestuelles d\u00e9finies, il privil\u00e9gie les syst\u00e8mes d\u2019improvisation structur\u00e9e, r\u00e9gul\u00e9s par le m\u00e9canisme de la connexion et de la fusion du groupe.<\/p>\n<p>Sur le plan esth\u00e9tique, la compagnie est influenc\u00e9e par le but\u00f4, la trag\u00e9die grecque, la danse-th\u00e9\u00e2tre de Pina Bausch et les danses traditionnelles d\u2019Asie, notamment d\u2019Indon\u00e9sie, de Cor\u00e9e, et du Japon.<\/p>\n<p>Le premier projet de la Compagnie, intitul\u00e9 <em>le Ch\u0153ur<\/em>, est en cours de production en 2017.<\/p>\n<p>Pour ce projet, la Compagnie a \u00e9t\u00e9 s\u00e9lectionn\u00e9e par la Fabrique de la Danse pour son programme d\u2019Incubateur de Chor\u00e9graphes, pour la p\u00e9riode 2016-17.\u00a0Elle b\u00e9n\u00e9ficie \u00e9galement du soutien de la Ville d\u2019Issy-les-Moulineaux.<\/p>\n<p>La Compagnie Efi Farmaki Dance Company (E\u03a6DC) est une association loi 1901 cr\u00e9e en 2016 bas\u00e9e \u00e0 Issy-les-Moulineaux.<\/p>\n<p>&nbsp;<\/p>\n","protected":false},"excerpt":{"rendered":"<p>Fondatrice de la compagnie EFDC, Efi Farmaki, chor\u00e9graphe grecque \u00e9tablie en France, a r\u00e9uni un groupe d\u2019artistes interpr\u00e8tes et de cr\u00e9ateurs de disciplines artistiques diverses. La Compagnie d\u00e9veloppe un travail qui s\u2019inscrit dans le champ de la danse-th\u00e9\u00e2tre,\u00a0o\u00f9 les moyens d\u2019expression principaux sont le corps humain dans sa gestuelle comme [&hellip;]<\/p>\n","protected":false},"author":1,"featured_media":0,"parent":0,"menu_order":0,"comment_status":"closed","ping_status":"closed","template":"template-page-fullwidth.php","meta":{"footnotes":""},"jetpack_sharing_enabled":true,"_links":{"self":[{"href":"https:\/\/efifarmaki.com\/index.php\/wp-json\/wp\/v2\/pages\/20"}],"collection":[{"href":"https:\/\/efifarmaki.com\/index.php\/wp-json\/wp\/v2\/pages"}],"about":[{"href":"https:\/\/efifarmaki.com\/index.php\/wp-json\/wp\/v2\/types\/page"}],"author":[{"embeddable":true,"href":"https:\/\/efifarmaki.com\/index.php\/wp-json\/wp\/v2\/users\/1"}],"replies":[{"embeddable":true,"href":"https:\/\/efifarmaki.com\/index.php\/wp-json\/wp\/v2\/comments?post=20"}],"version-history":[{"count":4,"href":"https:\/\/efifarmaki.com\/index.php\/wp-json\/wp\/v2\/pages\/20\/revisions"}],"predecessor-version":[{"id":338,"href":"https:\/\/efifarmaki.com\/index.php\/wp-json\/wp\/v2\/pages\/20\/revisions\/338"}],"wp:attachment":[{"href":"https:\/\/efifarmaki.com\/index.php\/wp-json\/wp\/v2\/media?parent=20"}],"curies":[{"name":"wp","href":"https:\/\/api.w.org\/{rel}","templated":true}]}}

<p>Fondatrice de la compagnie EFDC, Efi Farmaki, chorégraphe grecque établie en France, a réuni un groupe d’artistes interprètes et de créateurs de disciplines artistiques diverses.</p>
<p>La Compagnie développe un travail qui s’inscrit dans le champ de la <strong>danse-théâtre</strong>, où les moyens d’expression principaux sont le<strong> corps humain</strong> dans sa gestuelle comme dans les sons qu’il peut produire, <strong>souffle, voix </strong>ou<strong> percussions corporelles</strong>.</p>
<p>La dimension visuelle y tient une part importante, pour créer des <strong>univers poétiques, oniriques, étranges</strong>, où l’improbable se substitue à notre réalité quotidienne, pour un voyage où tout est possible, comme dans un rêve.</p>
<p>Le vocabulaire gestuel de la compagnie intègre et mélange des éléments provenant de <strong>sources culturelles diverses,</strong> qui viennent s’ajouter à la grammaire et la pensée de la danse contemporaine.<br />
Plutôt que des séquences gestuelles définies, il privilégie les systèmes d’improvisation structurée, régulés par le mécanisme de la connexion et de la fusion du groupe.</p>
<p>Sur le plan esthétique, la compagnie est influencée par le butô, la tragédie grecque, la danse-théâtre de Pina Bausch et les danses traditionnelles d’Asie, notamment d’Indonésie, de Corée, et du Japon.</p>
<p>Le premier projet de la Compagnie, intitulé <em>le Chœur</em>, est en cours de production en 2017.</p>
<p>Pour ce projet, la Compagnie a été sélectionnée par la Fabrique de la Danse pour son programme d’Incubateur de Chorégraphes, pour la période 2016-17. Elle bénéficie également du soutien de la Ville d’Issy-les-Moulineaux.</p>
<p>La Compagnie Efi Farmaki Dance Company (EΦDC) est une association loi 1901 crée en 2016 basée à Issy-les-Moulineaux.</p>
<p>&nbsp;</p>

<p>Fondatrice de la compagnie EFDC, Efi Farmaki, chorégraphe grecque établie en France, a réuni un groupe d’artistes interprètes et de créateurs de disciplines artistiques diverses. La Compagnie développe un travail qui s’inscrit dans le champ de la danse-théâtre, où les moyens d’expression principaux sont le corps humain dans sa gestuelle comme [&hellip;]</p>
